 -u. Suppose -5*b + 8 = -7. Suppose -10 = 2*h + b*h. What is q(h)?
2
Let l(c) = c - 2. Let h = 10 - -21. Suppose 3*q - h = -7. Let o be (q/(-10))/(2/(-5)). What is l(o)?
0
Let x(i) = i**2 - 3*i - 2. Let m be (-2)/(-1 + 1/2). Let d be x(m). Let b(r) = r. What is b(d)?
2
Let n(z) = -z**3 - z**2 - z + 1. Let u(t) = -4*t**3 - 6*t**2 + 7. Let p(h) = -3*n(h) + u(h). Let b be ((-3)/4)/(2/8). What is p(b)?
-5
Let y(r) be the first derivative of r**4/4 - r**3/3 + r**2/2 - r - 57. Determine y(2).
5
Suppose 3*u + 0*m + 2 = -m, -12 = 3*u + 3*m. Let z(v) = -u + v - v**2 + 2 - 2*v**3 - 7*v**3. Calculate z(-1).
8
Let y(n) be the second derivative of 2*n - 1/120*n**5 + 1/12*n**4 + 0 + 1/3*n**3 + 0*n**2. Let b(g) be the second derivative of y(g). What is b(-2)?
4
Let b(w) = -4*w - 10. Suppose -f + 6*f + 15 = 0. Let x = -10 - f. Let c(n) = -4*n - 9. Let l(z) = x*c(z) + 6*b(z). Give l(-2).
-5
Let w(d) = 10*d + 4*d**2 - d**3 + 0*d**3 - 8 - 6*d + 2. Determine w(4).
10
Let m be (-2)/(-5) + (-36)/(-10). Suppose -10 = -2*o - 3*o. Let l(s) = 16 - 2*s**o + 3*s**2 - 13 + 4*s - 8*s. Give l(m).
3
Let w(g) = 1 - 5*g + 0 + 5 + g**2. What is w(4)?
2
Let y(l) = 5 - l - 2 + 21. Calculate y(0).
24
Let k(x) = 3*x**3 + 15*x**2 + 29*x + 20. Let b(s) = s**3 + 5*s**2 + 10*s + 7. Let d(g) = -17*b(g) + 6*k(g). Suppose -2*w = w. Let o = w + -4. Calculate d(o).
1
Let d be 2/6 + 15/9. Let n be -2 + (d + 4)*1. Let x(o) = 5*o - 1 - n*o - 2*o. Determine x(-2).
1
Let s be 1/(0 - -1) + 1. Let t(a) = -a**2 - 11*a + 4. Let h(v) = 5*v - 2. Let i(z) = -5*h(z) - 2*t(z). Determine i(s).
4
Suppose -2*x + c = 6 + 4, 2*x + 3*c - 6 = 0. Let s be (-2)/(-5) - 13/(-5). Let n(o) = -3 + 4*o**2 - 3*o + s*o + o**3 + o. Give n(x).
3
Let f(b) = -2*b**2 + b - 1. Let c be f(1). Let x(q) = -q - 1. Let t be x(-3). Let j(z) = -t*z + 2 + 0*z - z**2 + z + 0*z**2. What is j(c)?
0
Let x(o) = 22*o**2 - o. Suppose -11*h + 4*h + 7 = 0. What is x(h)?
21
Let c(v) be the second derivative of -v**3/6 - 5*v**2/2 - v. Let f(t) = -1. Let s(m) = c(m) - 6*f(m). What is s(5)?
-4
Let i(u) = 6 - 3*u - u + 0*u. What is i(5)?
-14
Let i(a) = -a**3 + 5*a**2 - a + 2. Suppose -y + 25 = 4*y + 2*t, 0 = 3*y - 3*t - 15. Determine i(y).
-3
Let m(b) = b - 1. Let a(j) = 2*j - 1. Let c(v) = -4*a(v) + 5*m(v). Calculate c(-2).
5
Let w(k) = k + 4. Suppose -2*u - 8 = 2*u, -4 = -n + 2*u. Suppose -4*z + 2 + 19 = -5*x, -4*z + x + 33 = 0. Suppose n = -2*i + 5*i - z. Give w(i).
7
Let w(u) be the third derivative of -u**6/120 - u**5/12 + u**4/24 - u**3 - u**2. Let y(f) = -6*f + 4 + 1 - f**2 + 17*f - 8*f. Let n be y(5). What is w(n)?
-11
Let y(w) = -w**3 + 7*w**2 - 5*w - 3. Let k be y(6). Let g = 5 - k. Let a(n) = 2*n**3 - 4*n + 3. Determine a(g).
11
Suppose 6*h - 10*h = -20. Let f(x) = 3*x. Determine f(h).
15
Let d(m) = 2*m**2 - 2 - 2*m - 2*m - 2*m**3 + 7*m. Let q(g) be the second derivative of g**4/4 - g**3/3 + g**2/2 + 3*g. Let x be q(1). Calculate d(x).
-4
Let o(u) = -u**2 - 7*u + 5. Let f be o(-7). Let s(d) be the second derivative of -d**5/20 + d**4/3 + 7*d**3/6 - 5*d**2/2 - 22*d. What is s(f)?
5
Let q(w) be the third derivative of w**7/420 - w**6/720 + w**4/4 - 3*w**2. Let z(h) be the second derivative of q(h). Give z(-1).
7
Let t = 23 - 12. Let g(j) = -j + 13. Calculate g(t).
2
Let x(d) = -d**2 + 1. Let h(p) = p**3 + 14*p**2 + 8*p - 16. Let f(v) = h(v) + 3*x(v). Determine f(-10).
7
Let i(x) = -x**2 - 2. Suppose 16 = 4*u - 0*u. Suppose 2*r - 2*m - 10 = 3*r, 0 = u*r - 2*m. What is i(r)?
-6
Let g(n) = n**3 + 3*n**2 - 5*n + 1. Let b be g(-4). Let y(h) = h**2 + 7 - b*h - 3 + 3*h + 3*h. Determine y(0).
4
Let w(z) = -z + 1. Let y(o) = o**2 - 12*o + 11. Let c(p) = 3*w(p) - y(p). Calculate c(6).
10
Let k(j) = -11*j + 9. Let d(z) = -5*z + 5. Let r(x) = 7*d(x) - 3*k(x). What is r(7)?
-6
Suppose -3*l - 2*l = 25. Let b(m) = m + 5. Calculate b(l).
0
Let t(g) be the first derivative of -g**4/12 - g**3 - g**2 - 2. Let j(h) be the second derivative of t(h). Calculate j(-4).
2
Let j = -45 + 39. Let d(x) = -x**3 - 5*x**2 + 6*x + 5. Calculate d(j).
5
Let x(w) = 3 - 1 - 3*w + 0 + 1. Give x(-3).
12
Let j(g) = 3*g**3 + g**2 - 9*g - 2. Let x(i) = -2*i**3 - i**2 + 5*i + 1. Let b(m) = 3*j(m) + 5*x(m). Calculate b(-1).
0
Let j be -1*3*-1 - -2. Let i(l) = -2*l + 0*l + 6*l**3 - j*l**3 - l**2 - 1. Suppose u - 7 = 2*q, 4*q + 7*u - 4*u = 1. Give i(q).
-9
Let l(u) = 3*u - 6. Let i(o) = -2*o + 5. Let y(n) = 4*i(n) + 3*l(n). Let k be y(-6). Let b(w) = -43*w + 85*w + w**3 - 4 - 44*w + 4*w**2. Calculate b(k).
4
Let t(u) = -u**3 - u**2 + 3*u - 2. Let v(l) = l**2 - 10*l + 2. Let p be v(10). What is t(p)?
-8
Let h(z) = z**3 - 4*z**2 - 8*z + 6. Let u(k) = 2*k**3 - 6*k**2 + k + 2. Let l be u(3). Determine h(l).
-9
Suppose 4*k = -15 + 7. Let v(h) = 3*h**2 - 2*h**3 + 2*h**3 + h**3 + 3 + 4*h + h**2. What is v(k)?
3
Let l be -1*(-3 + 1 + 1). Let f be (-1*(0 - 0))/l. Let m be -3 + (f - -6) + 1. Let y(c) = -c**2 + 4*c - 6. What is y(m)?
-6
Let i be (-2 - -4)*(-3)/(-2). Let r(z) = -3*z**3 - z**3 - 1 + 2*z**i - 6*z**3. What is r(-1)?
7
Let r(f) = 3*f**2. Suppose -2*d = -i - 3*d, 2*d = -5*i + 12. Let v(z) = 2*z**2 + 1. Let s(g) = i*v(g) - 3*r(g). Give s(0).
4
Let g(k) = -k**2 - 7*k - 5. Let m(q) = q**3 + 7*q**2 + 8*q + 7. Let b be m(-6). Give g(b).
5
Let q be 0 - ((10/(-2) - -3) + -1). Let x(o) = o**3 - 3*o - 3. Calculate x(q).
15
Let h(d) be the third derivative of -d**4/8 + 2*d**3/3 - 15*d**2. Let r be (4/(-3))/(2/(-6)). Determine h(r).
-8
Let u(i) be the first derivative of -i**5/60 + i**4/12 - i**3/3 + i**2 + 1. Let b(t) be the second derivative of u(t). Suppose 0 = 5*x - 1 - 14. Determine b(x).
-5
Let k(g) = 12*g**2 - 4 + g**3 + g - 11*g**2 - 1 + 0*g**3. Give k(0).
-5
Let r(v) = v**3 - 3*v**2 - 3*v. Suppose -2*k = -0*k - 4. Let i = k - -1. Give r(i).
-9
Let o(l) = -9 - 6*l - 3*l - 10*l. Let v(w) = 9*w + 4. Suppose 4*n = n - 27. Let b(j) = n*v(j) - 4*o(j). Determine b(1).
-5
Let v(c) = -c - 2. Let w(g) = -g**2 - g + 3*g**3 - 4 + 2*g**2 + 4. Let m be w(1). Suppose m*t + 14 = -3*q - 4, 2*q + 3*t = -15. Determine v(q).
1
Let q(r) = -2*r - 1. Suppose -2*t = -5*t + 3. Let y be q(t). Let m(a) = 5*a + 3. Give m(y).
-12
Let i be 16*(1 + (3 - 5)). Let s = 22 + i. Let j(b) = -b**3 + 7*b**2 - 7*b + 3. Give j(s).
-3
Let q(x) be the third derivative of x**6/120 - 11*x**5/60 - x**4/2 - 22*x**2. Give q(12).
0
Let g = -5 - -20. Let v = -21 + g. Let m = v + 5. Let c(f) = 6*f**2 - f. Determine c(m).
7
Let n(w) = -9*w**2 - w + 1. Suppose 0 = x - 1. Calculate n(x).
-9
Let k(f) be the second derivative of 0 - 9/2*f**2 - 1/6*f**3 - 10*f. Determine k(-4).
-5
Suppose 2*m - 3*m = -2*g - 7, 4*m - 19 = -g. Let s = m - 2. Let r(n) = -n + 1. Let h(d) = -4*d + 3. Let i(l) = -2*h(l) + 9*r(l). What is i(s)?
0
Let u = -168 - -160. Let p(i) = i**2 + 7*i - 8. Determine p(u).
0
Let r(y) = -4*y + 2*y**2 + 3*y + 8*y**2 + 0*y + 1. Let b(o) = 2*o + 9. Let t be b(-7). Let z = -4 - t. Calculate r(z).
10
Let w(m) = -m**2 - 1 + 1 + 1. Let s = -35 + 32. Determine w(s).
-8
Let j(i) = 3*i**2 - 29*i - 9. Let z be j(10). Let n(g) be the first derivative of -3*g + z + 1/4*g**4 - 3/2*g**2 - 4/3*g**3. Determine n(5).
7
Let m(p) = -9 + p**2 + 13*p**3 - 14*p**3 - p**2 - 7*p**2. Calculate m(-7).
-9
Let c = 12 - 12. Let r(q) = q**3 - q + 5. What is r(c)?
5
Let f = 2 + -1. Let c be (-3)/(-1 - (-2)/8). Suppose f = -i + c. Let x(l) = l**2 - l + 1. Determine x(i).
7
Suppose o + w - 7 = 0, 0 = 3*o + 2*w - 22 + 5. Let y(d) = 2*d**2 - 15*d**2 + d + 9*d**2 + 3*d**3 - 2*d**3 + 3. Calculate y(o).
-3
Let x be 70/9 - (4 - (-266)/(-63)). Let o(w) = w**2 - 9*w + 2. Calculate o(x).
-6
Suppose 2 + 6 = 2*o. Suppose 33 = 2*a - 5*d, -2*d = -o*d - 2. Let h be a/8 - 1/(-4). Let t(c) = 2*c. Determine t(h).
4
Let s(h) = h + 3. Suppose 3 + 6 = 3*j. Suppose -8 = -j*r + 7*r. Let x be -2*(-9)/12*r. Determine s(x).
0
Let x(r) = r**2 - 2. Let d(o) = o. Let v(z) = 2*d(z) + x(z). Determine v(-4).
6
Let g(d) = -d**2 + 7*d - 5. Suppose -30 = -5*c + 7*c. Let x = c - -21. Determine g(x).
1
Let u(g) = 4*g - 2. Suppose 0*m = -3*m + 18. Suppose 3*s = 6*s - m. Determine u(s).
6
Let v(l) be the third derivative of -l**4/24 - 2*l**3 + 8*l**2. Determine v(0).
-12
Let t(n) = n**3 - n - 3. Let d be (11/(-2) - -5)*0. Give t(d).
-3
Let f(x) be the first derivative of -x**4/4 + 7*x**3/3 - 5*x*